 factor of 15332295 and 215.
215
What is the greatest common divisor of 322786 and 10288?
1286
Calculate the highest common factor of 4227027 and 21.
21
Calculate the highest common factor of 484 and 237523.
121
Calculate the greatest common factor of 6720 and 5222.
14
What is the greatest common divisor of 28 and 667786?
14
Calculate the greatest common divisor of 11229452 and 884.
884
What is the greatest common factor of 45646 and 464?
58
Calculate the highest common divisor of 944 and 30916.
236
What is the highest common divisor of 94 and 3778?
2
What is the highest common divisor of 7304 and 47784?
88
What is the greatest common factor of 44 and 1649516?
44
Calculate the greatest common factor of 366 and 269498.
122
Calculate the greatest common factor of 35167 and 253.
253
Calculate the greatest common divisor of 108 and 633528.
108
Calculate the highest common divisor of 324 and 3204.
36
What is the greatest common divisor of 5525 and 14885?
65
What is the highest common factor of 3370 and 1051103?
337
What is the highest common factor of 46603 and 261?
29
What is the greatest common factor of 51389 and 377?
13
Calculate the highest common factor of 212 and 1176.
4
Calculate the greatest common divisor of 1976 and 18392.
152
Calculate the highest common factor of 2709 and 109746.
63
What is the highest common divisor of 42074 and 1744?
218
What is the greatest common factor of 250 and 2?
2
What is the greatest common divisor of 273968 and 112?
16
What is the greatest common factor of 32 and 43816?
8
What is the greatest common divisor of 48 and 168704?
16
Calculate the greatest common factor of 2477694 and 18.
6
Calculate the highest common divisor of 758445 and 120.
15
What is the greatest common factor of 125095 and 635?
635
Calculate the highest common divisor of 13746 and 11218.
158
Calculate the greatest common factor of 138 and 170752.
46
What is the greatest common divisor of 15819 and 162?
3
Calculate the highest common divisor of 218235 and 15.
15
Calculate the highest common factor of 644618 and 312.
26
Calculate the highest common divisor of 2 and 293204.
2
What is the greatest common factor of 563346 and 36414?
2142
What is the highest common divisor of 103915 and 70?
35
Calculate the highest common factor of 622 and 2649098.
622
Calculate the greatest common divisor of 410448 and 544.
272
What is the greatest common divisor of 105741 and 6443?
379
What is the greatest common factor of 40 and 968040?
40
What is the greatest common divisor of 3014 and 14498?
22
What is the highest common factor of 93568 and 215?
43
What is the highest common divisor of 663429 and 39?
39
What is the highest common factor of 5245304 and 139?
139
Calculate the greatest common factor of 1163 and 16.
1
Calculate the highest common factor of 4 and 7519.
1
What is the greatest common factor of 1444 and 221483?
19
Calculate the greatest common factor of 80 and 109616.
16
What is the highest common factor of 39 and 42429?
3
What is the highest common divisor of 4360544 and 15845?
3169
What is the greatest common factor of 8022 and 588?
42
Calculate the highest common divisor of 874 and 874690.
46
Calculate the highest common divisor of 2244914 and 1722.
574
Calculate the highest common factor of 2675676 and 2.
2
Calculate the greatest common factor of 443 and 310543.
443
Calculate the greatest common divisor of 78 and 200502.
6
What is the highest common divisor of 595932 and 53?
53
Calculate the highest common factor of 2269940 and 40.
20
Calculate the greatest common divisor of 484438 and 1075.
43
What is the greatest common divisor of 788 and 68?
4
Calculate the highest common divisor of 11922312 and 48.
24
Calculate the greatest common factor of 77 and 13541.
11
What is the highest common divisor of 732291 and 357?
21
What is the highest common factor of 15 and 71985?
15
What is the greatest common divisor of 78834 and 42?
42
What is the greatest common divisor of 144 and 680304?
48
What is the greatest common factor of 93416 and 8?
8
What is the highest common factor of 1312 and 1184?
32
What is the greatest common divisor of 1253 and 1211?
7
What is the greatest common factor of 20415 and 18?
3
Calculate the greatest common factor of 253 and 45914.
11
What is the greatest common divisor of 5860 and 670?
10
What is the highest common divisor of 76 and 29108?
76
What is the greatest common factor of 186 and 385423?
31
What is the greatest common divisor of 133 and 28709?
19
What is the greatest common divisor of 835284 and 24?
12
Calculate the greatest common factor of 4295070 and 52.
26
Calculate the highest common divisor of 21632 and 15041.
169
What is the highest common factor of 35036 and 532?
76
What is the highest common divisor of 51520 and 3059?
161
Calculate the highest common divisor of 225 and 2745.
45
What is the highest common factor of 113643 and 828?
207
What is the greatest common divisor of 8856 and 16?
8
What is the greatest common factor of 4959 and 2871?
261
What is the highest common divisor of 566 and 74?
2
What is the highest common divisor of 1854 and 63?
9
Calculate the greatest common factor of 55 and 225.
5
Calculate the greatest common factor of 667420 and 91.
13
What is the highest common divisor of 999 and 63677?
37
Calculate the greatest common divisor of 1232 and 496.
16
Calculate the highest common divisor of 166970 and 2950.
590
Calculate the highest common factor of 169182 and 221.
13
What is the highest common factor of 311333 and 1333?
31
What is the highest common divisor of 187 and 123233?
187
What is the highest common divisor of 255 and 7803?
51
Calculate the highest common factor of 299 and 71149.
13
What is the greatest common divisor of 600 and 8070600?
600
What is the highest common divisor of 1432 and 301794?
358
What is the greatest common factor of 911108 and 220?
44
What is the greatest common divisor of 163821 and 609?
609
What is the highest common divisor of 2299 and 1243517?
121
What is the greatest common factor of 2684 and 8712?
44
Calculate the highest common factor of 5745 and 4395.
15
What is the highest common factor of 1862 and 10754?
38
Calculate the greatest common divisor of 19415 and 22.
11
What is the greatest common factor of 8092 and 266?
14
What is the greatest common divisor of 2546 and 475?
19
What is the highest common factor of 88578 and 1422?
18
Calculate the highest common factor of 63 and 729.
9
Calculate the highest common factor of 2312 and 21624.
136
Calculate the highest common factor of 427890 and 270.
30
What is the highest common factor of 357 and 17367?
21
What is the highest common divisor of 233534 and 98?
98
What is the highest common factor of 40077 and 45?
9
What is the highest common divisor of 1126697 and 22?
11
What is the highest common factor of 1435549 and 284?
71
What is the highest common factor of 765085 and 17?
17
What is the highest common factor of 3508500 and 360?
60
What is the highest common divisor of 23 and 217741?
23
What is the highest common divisor of 9 and 1309383?
9
Calculate the highest common factor of 11600 and 2465.
145
What is the highest common factor of 901 and 20111?
17
Calculate the highest common factor of 21675 and 2023.
289
Calculate the greatest common factor of 15566 and 344.
86
Calculate the greatest common factor of 3700 and 3034.
74
Calculate the highest common divisor of 77 and 1331.
11
What is the greatest common divisor of 4998 and 7038?
102
Calculate the highest common divisor of 596 and 64070.
298
What is the greatest common divisor of 378 and 11196?
18
What is the greatest common divisor of 60164 and 234?
26
Calculate the greatest common divisor of 99 and 13453.
11
What is the greatest common factor of 67396 and 56?
28
What is the greatest common factor of 522 and 474210?
18
What is the greatest common divisor of 289105 and 2680?
335
What is the highest common factor of 56898 and 21402?
522
What is the highest common factor of 14 and 68621?
7
Calculate the highest common factor of 305 and 20435.
305
What is the highest common factor of 11403 and 15813?
63
What is the highest common factor of 260743 and 7?
7
Calculate the highest common divisor of 3444959 and 658.
329
What is the highest common divisor of 1047